 -4*h. Suppose -p = 5*t - 123, -h*t = -t + p - 98. What is the units digit of t?
5
Let u = 161 + -60. What is the tens digit of u?
0
Let j(a) = 2*a. Let g = 11 - 8. What is the units digit of j(g)?
6
Suppose -3*f - 4 = 17. Let u = f + 8. What is the units digit of u?
1
Suppose -4*k - 3*m = 1 + 12, -2*k - 3*m - 5 = 0. What is the units digit of 2*2/k*-7?
7
Let j(p) = p**3 - 3*p**2 + 3*p. Let l be j(2). Suppose 7*b - 3*b - 8 = 0. Suppose -2 = -b*r + l. What is the units digit of r?
2
Suppose 0*h - 321 = -3*h. What is the tens digit of h?
0
Suppose x + 20 = -f + 5*f, -4*x - 156 = 3*f. Let s = -23 - x. Suppose 0 = -5*r + 7 + s. What is the units digit of r?
4
What is the units digit of (-630)/(-8) + (-2)/(-6 - 2)?
9
Let i = 18 - 8. What is the tens digit of i?
1
Let y(c) = c**3 - 13*c**2 + 31. What is the tens digit of y(13)?
3
Suppose -142 = -4*a + 82. What is the units digit of a?
6
Let q(g) = g**2 + g. Let t be q(-1). Suppose -12 = -a - t*a. What is the tens digit of a?
1
Let s = -17 - -36. Suppose -2*i + r + 19 = 0, i = 3*r - 2 + s. What is the units digit of i?
8
Suppose 0*s - 2*s = 8. Let f(d) = -d + 1. Let p be f(s). Suppose 43 = p*n + 18. What is the units digit of n?
5
Let f(z) = 4 - 2 - 12*z**2 + 2*z**2 + z**3 + 5. What is the units digit of f(10)?
7
What is the units digit of 4 + 40/18 + 4/(-18)?
6
Let p = 11 - 7. What is the tens digit of p/(-6) - (-88)/6?
1
Let f(m) = 49*m**3 + 2*m - 1. What is the tens digit of f(1)?
5
Let k = -59 - -96. What is the tens digit of k?
3
Let t be (-2 - 0)*(3 - 4). Let r = t - -18. What is the units digit of r?
0
Let n be 5*2*(-2 + 1). Let d = 4 + n. What is the units digit of ((-8)/d)/((-4)/(-6))?
2
Let c(y) be the third derivative of y**7/840 - y**6/240 + y**5/40 - y**4/6 + 2*y**2. Let l(i) be the second derivative of c(i). What is the units digit of l(2)?
9
Suppose -15 = -2*k + 163. What is the tens digit of k?
8
Suppose 30 = -3*g + 117. What is the tens digit of g?
2
Let o = 26 + 11. Suppose -35 = -3*q + o. What is the tens digit of q?
2
Let u = 57 - 26. What is the tens digit of u?
3
What is the tens digit of (-2)/3*(-3726)/18?
3
Suppose -3 - 2 = -f. What is the units digit of f?
5
Suppose 0 = -5*z + 2*h - 40, -z - 3*z - 4*h - 4 = 0. Let b be 3 - (4 + -3)/(-1). What is the units digit of (-46)/z - b/6?
7
Suppose 4*q = 38 - 6. Let a(f) = -f**3 + 8*f**2 + 2*f - 5. What is the units digit of a(q)?
1
Suppose 0 = -2*v - v - 3. Let o(q) = -23*q**3 - q**2 - 2*q - 1. What is the tens digit of o(v)?
2
Suppose 5*g - 1 = -4*y - 14, -3*g + y - 18 = 0. What is the units digit of (-1024)/(-40) + (-2)/g?
6
Suppose 4*d - 3*d - 2 = 0. Suppose 5*c + 4*s - 4 = 0, -s - d*s = -c + 16. What is the units digit of c?
4
Suppose 0 = -3*r + 4*u - 9*u - 5, 0 = -5*r + 5*u + 45. Suppose -5*n = 3*x - 62 + 6, r*n = 3*x + 74. What is the tens digit of n?
1
What is the tens digit of (3/((-9)/12))/(6/(-69))?
4
Let l(c) = 2*c**2 + 9*c - 1. What is the hundreds digit of l(-12)?
1
Let f(n) = -12*n + 11. Let l be f(-6). Suppose -l = -2*c - 23. What is the units digit of c?
0
Suppose -2*g + 1664 = 2*a + 2*a, 2*a = 2*g + 826. What is the hundreds digit of a?
4
Suppose 4*h - x = 35, -17 = -h - 3*h - 5*x. Suppose -5*p + h + 7 = 0. What is the tens digit of ((-3)/p)/(-1) + 9?
1
Let n be 18/14 + (-4)/14. What is the units digit of n/(46/15 + -3)?
5
Let h be -4*((-3)/(-1) - 4). Let s be 0/(-4)*2/h. Suppose 3*k = -0*k + 12, 3*d + 5*k - 32 = s. What is the units digit of d?
4
Let x(f) = 7*f**2 - 7*f - 15. What is the tens digit of x(-2)?
2
Suppose -4*z = -2 - 6, 5*z - 1 = -3*j. Let m = 2 - j. What is the units digit of m?
5
Suppose 0 = -2*f - 2*f + 20. Suppose 3*y - 2*y - 14 = f*w, 5*w + 58 = -3*y. Let b = 18 + y. What is the units digit of b?
7
Let o be (-1)/(1/(-1)) - -2. Suppose -2*b + 9 = o. Suppose -39 = -b*j + 6*a - 4*a, -j + 13 = -5*a. What is the units digit of j?
3
Suppose -5*u + 5*r + 35 = -0*u, -2 = r. Let p = -1 + u. Suppose 3*s - p*x - 1 - 3 = 0, 3*s = 2*x + 8. What is the units digit of s?
4
Suppose 5*s = -y - 4, -s - 65 = 4*y - 11. Let b(r) = -r**3 - 15*r**2 - 16*r - 8. What is the tens digit of b(y)?
2
Let p(u) be the first derivative of u**2/2 + 10*u + 4. Let j be p(0). What is the tens digit of ((-4)/j)/((-1)/40)?
1
Let g be (1 + 2 + -4)*-7. Let x = g + 12. What is the units digit of x?
9
Let u(j) = j - 2. Let m be u(7). Suppose -5*h = m*c - 60, 0*h - 40 = -4*h + 4*c. What is the tens digit of h?
1
Let o(r) = r**3 - r**2 - r + 9. Let z be 0 + 2 - (-7)/(-1). Let q = -5 - z. What is the units digit of o(q)?
9
Let q = -59 - -108. What is the units digit of q?
9
Let a = 16 + -11. Suppose -2*g - 74 = 3*h - 7*h, -5*h + 55 = a*g. What is the tens digit of h?
1
Suppose 2*r = 4*r - 304. What is the hundreds digit of r?
1
Suppose 0*j + 3*v = 4*j - 455, -225 = -2*j - v. What is the tens digit of j?
1
Let i be 8/(-4 + 2 + 1). Let a = i - -14. What is the units digit of a?
6
Let a = 253 - 159. What is the tens digit of a?
9
Let m be 1/(-3*2/(-36)). Suppose 0 = b + m - 16. What is the tens digit of b?
1
What is the tens digit of (3 + -1 + 1)*2840/30?
8
What is the tens digit of (-4)/18 - 3501/(-81)?
4
Let p(g) = g**3 + 4*g**2 + 0*g**3 - 5*g - 5 - 2 - 2*g. What is the units digit of p(-5)?
3
What is the units digit of 10/20 - 353/(-2)?
7
Let v = -13 + 17. What is the units digit of v?
4
Let j(w) = 5*w - 5. Let s be j(4). What is the units digit of -1*(-3 + 0 - s)?
8
Let x = 72 - 41. What is the units digit of x?
1
Let c be (2 + -1)*-6 - 1. Let a be -1 + c + (1 - 1). Let d = a + 13. What is the units digit of d?
5
Suppose -26 + 6 = -5*a. Suppose 3*u + 20 = 4*l, 4*l + 4 = -a*u - 4. Suppose l = 2*t - 8. What is the units digit of t?
5
Let q(j) = -2*j**2 - 6 + j**2 + 0*j**2 + 0*j**2 - 10*j. What is the units digit of q(-8)?
0
Let t(q) = -q**2 - 10*q - 9. Let m be t(-9). Suppose 2*k = 2*j - j + 21, -k + j + 13 = m. What is the units digit of k?
8
Suppose -4*x - 1122 = -15*x. What is the tens digit of x?
0
Suppose -3*n - 6 = -n. What is the tens digit of 26 - n/(3 - 4)?
2
Let l = 5 - 3. Let s = 3 - l. What is the units digit of s?
1
Suppose 5*x + 5 = 0, 0*x = 2*n + 5*x - 5. Suppose 7*m = 2*m - 4*i + 53, n*m - 2*i - 71 = 0. What is the units digit of m?
3
Let z = -17 - -32. Suppose 0*y = -3*y + z. What is the units digit of y?
5
Let r be (-48)/9 - (-2)/6. What is the units digit of 10*((-4)/r)/2?
4
Suppose 7*t = 4*t + 294. What is the tens digit of t?
9
Suppose 12*v + 584 = 16*v. What is the units digit of v?
6
Suppose -2 - 154 = -6*x. What is the tens digit of x?
2
Suppose 0 = -2*r + 848 - 212. What is the hundreds digit of r?
3
Let y(g) = g + 11. Let v(c) = -1 + 3*c + c - 5*c. Let f be v(4). What is the units digit of y(f)?
6
Let c be -2*(0 - 15/6). Suppose -c = -2*b + 3. What is the units digit of b?
4
Let b(a) = a**3 + 8*a**2 - 2*a - 12. Let t be b(-8). Let f be 0/(-2 + t) + -11. Let u(i) = -i - 7. What is the units digit of u(f)?
4
Suppose 5*i + 5*x - 65 = 0, -4*i - 62 = -8*i - 2*x. Suppose 0 = i*t - 15*t - 51. What is the units digit of t?
7
Suppose 4*z = -z. Suppose 3*l - 2*l - 15 = z. Suppose -l = -3*s, -4*s = 5*x - 47 + 12. What is the units digit of x?
3
Let v(y) = 3*y - 5. Suppose 18 = 2*u - 4*i, 0 = -3*i + 7*i. What is the tens digit of v(u)?
2
Suppose -3 = -5*r + 7. Suppose 4*q = 20, 0 = -2*g + r*q + 5 + 3. Suppose -5 = 4*p - g*p. What is the units digit of p?
1
Let g = 160 + -228. Let b be g/(-16) + 2/(-8). Suppose -7 - 5 = -b*w. What is the units digit of w?
3
Suppose 5*d + 2 + 3 = 0. Suppose -8*t + 143 = -1. What is the units digit of (-1)/(d + t/20)?
0
Suppose 535 = 5*g - 160. What is the units digit of g?
9
Let f be 102/14 + (-4)/14. Let x(w) = -w**3 + 7*w**2 + 9. What is the units digit of x(f)?
9
Suppose 0 = 5*b - 4*a + 47, -2*b + 2*a = b + 29. Let w = -6 - b. What is the units digit of (-6)/((-5)/(w/2))?
3
Let v(c) be the first derivative of 1/3*c**3 - 2*c + 2*c**2 - 3. What is the tens digit of v(-6)?
1
Suppose 4*m = 2*r + 38, -2*r + 0*m - 32 = -m. Let f be ((-4)/2)/((-6)/r). What is the units digit of (-1 + 0)/(f/10)?
2
Let g(x) = -12*x - 6. Let c be g(-4). What is the units digit of 180/c - (-4)/(-14)?
4
Let y(s) = -s**2 - 6*s + 2. Let w be y(-6). Let l = w - -1. What is the units digit of l?
3
Suppose -j + 10 = 4*j. Let 